Let h be g(-5). Suppose -2*a - h = -3*t - 2*t, -4*a + 2*t = 122. What is the tens digit of ((-24)/(-9) - 3)*a?
1
Let p(j) = -j**2 + 11*j + 14. Let r(n) = 2*n - 4. Let h be r(7). What is the tens digit of p(h)?
2
Let o be 10/6*(2 + 1). Suppose -5*m + 52 = y, -o*m + 2*m + 18 = 5*y. What is the units digit of m?
1
Suppose 14 = -3*h - 64. What is the units digit of (h - -1)*(-4)/5?
0
Suppose -5*h = -0*h + 15. Let g be h*3/((-9)/(-136)). What is the units digit of g/(-22) + 4/(-22)?
6
Let a(d) = d**3 + 12*d**2 - 24*d + 8. What is the tens digit of a(-12)?
9
Suppose -4*x + 19 = 11. Let k(j) = j**3 - j**2 + 13. Let d be k(0). Suppose -d = -x*h + h. What is the units digit of h?
3
Let c = 69 + 13. Suppose -3*t + 42 = 2*n + n, c = 5*n - t. What is the tens digit of n?
1
Let m(l) = l**3 - l**2 - l + 5. Let x be m(0). Suppose 0 = x*r - 0 - 5. What is the units digit of (-30)/4*(-3 + r)?
5
Let a = 49 - 7. What is the units digit of a?
2
Let h = 178 + -44. What is the units digit of h?
4
Let u(d) = -d**2 + 0*d**2 - 3 + 5*d + 2. Let b be u(6). Let c(q) = -q**2 - 8*q - 6. What is the units digit of c(b)?
1
Let a = -13 - -13. What is the units digit of (-231)/7*(a - 1)?
3
Let s = 7 - 13. Let g(d) = d**3 + 7*d**2 + 2*d - 1. Let z(v) = v. Let t(q) = -g(q) - 4*z(q). What is the units digit of t(s)?
1
Suppose 0 = -4*g + 7*g - 18. Let c(i) = 6*i - 13. What is the tens digit of c(g)?
2
Suppose -2*w = -4 + 6. Suppose -2*c = -2*b - 3*b + 31, -5*c - 25 = -2*b. What is the units digit of (-19)/(-3) - w/c?
6
Suppose 0*z = -z + 5. Suppose 0 = -5*h - o + 22, -4*o - z + 13 = 0. What is the units digit of h - (0 - 3/3)?
5
What is the units digit of 2*(0 + (-39)/(-6))?
3
Let p(u) = -u**2 - 3*u + 2. Suppose 2*j - 7*j = 15. What is the units digit of p(j)?
2
Suppose 2*o = -4 - 2. Let u = o + 7. Suppose -36 = -u*k + k. What is the tens digit of k?
1
Suppose -3*n = 5*j - 29, 3*n - 2*j + 29 = 93. Suppose 3*l + 71 = 3*v + v, 0 = v - l - n. What is the units digit of v?
7
What is the tens digit of (((-630)/(-2))/(-3))/((-6)/6)?
0
Suppose -4*z - 5*j + 3 = 1, -2*j = 3*z - 5. Suppose 80 = z*b - 13. What is the units digit of b?
1
Let g(x) = -x**2 + 6*x + 4. Let c be (-1)/(-1) + (-1 - -3). What is the units digit of g(c)?
3
Let t(q) = -2*q**3 - 2*q - q**2 + 4*q**3 - q**3. What is the tens digit of t(3)?
1
Suppose 5 = 2*z - 1. Suppose 3*w = 3*a + 87, -z*a - 33 = -w - a. What is the tens digit of w?
2
Let z(r) = 10*r + 2. Let s be z(-2). What is the tens digit of (9/s)/(1/(-76))?
3
Let k = 6 - -3. Suppose -3*u + k = 0, -5*i + 3*u + 1 = -0*u. What is the units digit of i?
2
Suppose -2*m - 10 = 8. Let v be -18*(3 + 57/m). Suppose 3*j - 47 = -2*y, -j = -5*j - 2*y + v. What is the tens digit of j?
1
Suppose 226 = 2*v + 3*q, -2*v + 3*q + 234 = 4*q. What is the units digit of v?
9
Let u = 253 - -101. What is the units digit of u?
4
Let c(h) = 20*h**2 - 4*h - 7. What is the tens digit of c(-2)?
8
What is the tens digit of (-8)/14 - (1 + (-789)/21)?
3
Let i = 3 + 0. Suppose 4*f = i*c + 12, 0 = 4*f - 0*f + 3*c + 12. Suppose f = -t + 3, p + 2*t - 12 = -0*p. What is the units digit of p?
6
Suppose 14*j = 17*j + 27. Let m = 20 - j. What is the units digit of m?
9
Let g = 50 - -2. What is the tens digit of g?
5
Let o(j) = -j**2 + 8*j - 9. Let n be o(7). Let c(l) = 4*l**2 + 4*l + 3. What is the units digit of c(n)?
1
Suppose p + 9 = -4. Let y = 8 - p. What is the units digit of y?
1
What is the hundreds digit of 2 + 151 + (-3)/((-6)/8)?
1
Let w(f) = 2*f + 5. Let m be w(-3). What is the tens digit of (11/11)/(m/(-25))?
2
What is the units digit of 8*(14/35)/(16/430)?
6
Let n be (26 - (3 + -2))*1. Suppose -2*p + f = -n, 3*p - 5*p + 19 = f. What is the units digit of p?
1
Let z(o) be the second derivative of o**4/12 + o**3/3 + 3*o**2/2 - 2*o. Let w be z(-2). Suppose -4*x + 17 + w = 0. What is the units digit of x?
5
Suppose 2*a + 5 = m, 4*a = 2*a + 5*m - 17. Let u be a + (1 - -2) - -8. What is the units digit of ((-4)/(-2))/(u/55)?
1
Let v(b) = 36*b - 2. What is the tens digit of v(2)?
7
Let w(g) = -g**2 + 8*g - 3. Let d be w(7). Suppose 3*x = -2*o + d*x + 4, x = -4. What is the units digit of -1 - o - -1*5?
4
Let u = 59 + -12. What is the tens digit of u?
4
Let x(w) = w**3 - 2*w**2 + 2*w - 1. Let d(p) = -p**3 - 7*p**2 - 8*p - 9. Let v be d(-6). What is the tens digit of x(v)?
1
Suppose -z = 4*l - 16, 0 = -0*z - 5*z - 5*l + 35. Suppose 0 = -3*n + 3*m + 16 + 14, n + z*m - 15 = 0. What is the tens digit of n?
1
Let v be (3 - 0)/((-6)/(-8)). Suppose v*d = -0*d + 2*u + 26, -d + 34 = 5*u. Let k = d + -6. What is the units digit of k?
3
Let d = 258 - 181. What is the units digit of d?
7
Suppose 0 = 3*p - 0*w + 3*w - 1143, 0 = -2*p - w + 761. What is the units digit of p?
0
Suppose 66 = -4*w + 26. Let j(i) = -i**2 - 11*i - 1. What is the units digit of j(w)?
9
Suppose -2*f = -7 - 3. Suppose -4*s - 4 - 121 = f*o, 0 = 2*s. Let x = o - -35. What is the units digit of x?
0
Suppose 3*j - 4*w + 8 = 53, 10 = 2*j + 4*w. What is the units digit of j?
1
Let k be 0/(-2 + 2 - 2). Let h(s) = s**3 + s**2 - s + 4. Let y be h(k). Suppose -c - 2*c + 2*q = -46, -2*c - y*q = -4. What is the tens digit of c?
1
Let q = 6 + 7. What is the tens digit of q?
1
Suppose -16*f - 52 = -18*f. What is the tens digit of f?
2
Let z be 2*(9/2 + -3). Suppose z = -2*g + 11. What is the units digit of g?
4
Let o = -8 - -14. Let t = -4 + o. What is the units digit of t?
2
Suppose r - 1 - 5 = 0. Suppose -2*h - 60 = -r*h. Let y = 23 - h. What is the units digit of y?
8
What is the units digit of ((-32)/12)/((-1)/3)?
8
Let h(n) = 34*n**2 + 3*n + 4. What is the units digit of h(-2)?
4
Let b be 1 + (-2)/(-4)*4. Suppose 5*f - b - 7 = 0. Let k = 8 - f. What is the units digit of k?
6
Let h(x) = 6*x + 3. What is the units digit of h(6)?
9
Suppose 8 = 2*n + 4*v, 8 = n + 5*v - 5. What is the tens digit of 12 - n*(1 + 0)?
1
Let p(o) = -17*o - 16. What is the units digit of p(-6)?
6
Let d(k) = k**2 + 3*k. Let v be d(-4). Suppose v*s - 2*s = 0. Suppose -3*l + 13 = 2*w, s = l + 3*w - w - 11. What is the units digit of l?
1
Suppose 0 = 2*s + 7 + 9. Let w(i) = 7*i + i**2 - 4 + 2*i + 0*i - 2*i. What is the units digit of w(s)?
4
Suppose 0 = -14*o + 403 + 4021. What is the units digit of o?
6
Let v(x) be the first derivative of 2*x - 2*x**2 - 1 + 1/3*x**3. What is the units digit of v(4)?
2
Suppose 10*l + 836 = 14*l. What is the hundreds digit of l?
2
Let s(r) = r**3 + r**2 - r + 2. Let d be s(0). Suppose 5*o - 87 = -2*q, -q - 2*o = d*q - 103. What is the tens digit of q?
3
Let r(w) = -w**2 - 6*w. Let u be r(-5). Suppose -4*f + 28 = -d + u*d, 5*d = -f + 15. Suppose -f*z + 25 = -60. What is the units digit of z?
7
Suppose -5*d = -14*d + 270. What is the units digit of d?
0
Let p(d) = -d**3 - 17*d**2 - 8*d. What is the units digit of p(-17)?
6
Suppose j = 2*z - 64, -z - 37 = -2*z - 2*j. What is the units digit of z?
3
Suppose -4*b = 3*r - 14, 0 = -6*r + 2*r - b - 3. What is the units digit of (6 - 4)/(r/(-8))?
8
Let n(k) = k + 4. Let v be n(-2). Suppose 0 = 2*j - v. What is the units digit of (-1)/j + 2 + 6?
7
Let s be (-22)/5 - (-20)/50. Let b(h) = 2*h**2 + 2*h - 3. What is the units digit of b(s)?
1
Suppose -432 = -2*f - 5*j, 4*j = 4*f + 2*j - 912. What is the hundreds digit of f?
2
Let u(a) = -a + 16. Let q = 21 + -14. What is the units digit of u(q)?
9
Let l be (-2)/9 - (-2124)/81. Suppose -2*s = 6 - l. What is the tens digit of s?
1
Let z(x) = -2*x - 2. Let k = -5 + 3. Let w be z(k). Suppose w*j - 9 = -j. What is the units digit of j?
3
Let p(l) = 3*l**2 - l**3 - l**2 - 1 + 4*l + 2. Let m = 0 - -3. What is the units digit of p(m)?
4
Let c = 1629 - 966. Let m = 31 - c. What is the units digit of 4/18 - m/72?
9
Let r(d) = d**3 - 3*d**2 + 2*d - 4. What is the units digit of r(5)?
6
Suppose 2*b - z = -5*z - 40, 48 = -2*b + 4*z. Let m = -15 - b. What is the units digit of m?
7
Let t be (-170)/(-3) - 6/9. Let c be t*(-2 - 11/(-4)). Suppose 5*y - c = -3*l - 1, -5*l = 3*y - 31. What is the units digit of y?
7
Suppose 4*r - 2*r - 80 = -2*k, -2*r = 4*k - 80. Suppose -2*h + r = 3*h. Suppose -v = 3*v - h. What is the units digit of v?
2
Let z = -1 + -6. Let y = -35 - z. What is the units digit of (-4)/14 + (-456)/y?
6
Let x(g) = 7*g - 9. Let v(p) = 10*p - 13. Let d(b) =